- 134 = -4*b - 5*u, 4*b - 136 = -4*u. Let t = i + b. List the prime factors of t.
2, 59
Suppose -3 + 6 = -d, 2*d - 117594 = -4*m. List the prime factors of m.
2, 3, 5, 7
Let y = -139 - 33. Let r = -76 - y. What are the prime factors of r?
2, 3
Let d be 11/(11/(-26)) + 1 + 2. Let q be (-2)/8 - d/(-4). List the prime factors of 144*1 + q/(-2).
3, 7
Suppose 0 = -2*s + 22*s - 80. List the prime factors of ((-99)/s)/(-11)*(-376)/(-3).
2, 3, 47
Suppose 150 = 37*z - 32*z. Suppose -3*g = -5*k + 2*g + 50, -2*g = -4*k + z. List the prime factors of k/15*15 + 197.
2, 101
Suppose -10*s + 4*s - 234 = 0. Let q = 42 + s. Suppose 2*o + 17 = 3*l, q*l + 4*o - 29 = 2*l. What are the prime factors of l?
3
List the prime factors of (-30530)/4*(91/(-5) - -17).
3, 43, 71
Let u(s) = 10236*s**2 + 3*s + 4. List the prime factors of u(-1).
29, 353
Suppose 0 = 40*p - 44*p + 38*p - 691866. What are the prime factors of p?
3, 7, 17, 19
Let g(q) = -28*q - 54. Let r be g(2). Let i = 319 + r. List the prime factors of i.
11, 19
Let b = -148013 - 5327. Let p be -2 + (-4)/10 + b/(-100). Suppose -324 = -7*g + p. List the prime factors of g.
5, 53
Let w = 29 + -26. Suppose 18*o - w*o - 5055 = 0. What are the prime factors of o?
337
Let v be ((-32)/(-24))/((-2)/(-3)). Let o be (-47)/1*1 + v. Let a = o - -102. List the prime factors of a.
3, 19
Suppose -40*r - 77*r - 30*r = -4972128. List the prime factors of r.
2, 7, 151
Let b = -480 - -952. Suppose -b - 176 = -2*c. List the prime factors of c.
2, 3
List the prime factors of 10574*10/240*12.
17, 311
Suppose -33 = 4*s - s. Let d = 16 + s. Suppose -v + 14 + 54 = -2*x, -2*v + 136 = -d*x. What are the prime factors of v?
2, 17
Let w(n) = -n**2 + 6*n - 1. Let d be w(5). Suppose h + 3*f + 8 = f, -f = -d*h - 5. Let u(g) = 3*g + 8. What are the prime factors of u(h)?
2
Let r(i) = -11*i**2 + 19*i + 13. Let n(m) = -m - 1. Let a(d) = -3*n(d) - r(d). What are the prime factors of a(10)?
2, 3, 5, 31
Suppose -15*w + 10336 = -10634. What are the prime factors of w?
2, 3, 233
Let m(q) = q**3 - 10*q**2 + 9*q + 2. Let o be m(9). Let l be o*2276/(-24) + 4/6. Let c = l - -358. List the prime factors of c.
13
Let a(i) = i + 6. Let g be a(-3). Let m(x) = -23*x - g*x**3 + 10 - 10*x**2 + 11*x - x**3 + 3*x**3. What are the prime factors of m(-9)?
37
Let g = 2518 - 975. Let b = -646 + g. What are the prime factors of b?
3, 13, 23
Suppose -171*n + 340*n - 5124925 = 0. List the prime factors of n.
5, 1213
Let h(g) = 137*g**2 - 83*g + 387. List the prime factors of h(6).
3, 1607
Let f(s) = 15*s**3 - 9*s**2 + 10*s - 11. Let j be f(3). Let q = j - 78. List the prime factors of q.
5, 53
Let v(t) = 5*t + 3. Let x be v(-2). Let w = 461 + -456. What are the prime factors of w - 4 - 2*x?
3, 5
Let s(a) be the third derivative of a**6/120 + a**5/15 + a**4/12 - 2*a**3 - 3*a**2 - a. What are the prime factors of s(3)?
3, 19
Suppose -21*i - 32*i + 420767 = 0. What are the prime factors of i?
17, 467
Let u be ((-84)/(-8) + -3)/(12/(-16)). Let k be u/20 - ((-114)/4 + 1). What are the prime factors of 36/k*90/4?
2, 3, 5
Suppose -3*a - 7 + 1 = 0, a = 4*w - 22. Suppose 810 = -5*i + 4*x, -622 = 4*i - 3*x + w*x. Let y = i + 299. What are the prime factors of y?
3, 47
Let j = -41323 + 65327. What are the prime factors of j?
2, 17, 353
Suppose 14 = 4*k + 38. Suppose 28 = -4*n + 2*l - 18, 2*l + 26 = -4*n. Let q = k - n. What are the prime factors of q?
3
Let o = -375 + 175. Let p = o + 627. What are the prime factors of p?
7, 61
Let t(p) = -546*p**3 + 77*p**2 - 10*p - 8. List the prime factors of t(-4).
2, 31, 73
Let w be 8/(-6)*9/(-6). Let a(m) = -9*m**2 - 6*m + 1. Let b be a(w). Let x = 146 + b. What are the prime factors of x?
3, 11
Suppose 15 = 77*v - 74*v. Suppose -v*x + 257 = 1907. Let u = -120 - x. List the prime factors of u.
2, 3, 5, 7
Suppose -i + 5*h = -2, 0*i = -2*i + h + 49. Suppose i*g = 21*g + 9246. List the prime factors of g.
23, 67
Let l be (3 + -51)/1 + 1 + 2. Let h be (-42)/8 + (-2 - l/20). What are the prime factors of (-2620)/(-25) - 0 - (-4)/h?
2, 13
List the prime factors of (-3)/(-15)*(-40)/(-48) + 707970/36.
2, 9833
Let h(u) be the first derivative of u**4/4 - 2*u**3 + 3*u**2 - 14*u - 3. Let v = -25 + 31. List the prime factors of h(v).
2, 11
Suppose 3*x = -2*x + 15. Suppose 5*w = u - 25 - 37, 0 = -x*u - w + 250. What are the prime factors of u?
2, 41
Let w = 26126 + -18087. What are the prime factors of w?
8039
Let r be (0 - -358)/(-1 - (-21)/15). Suppose 535 = 5*g - r. What are the prime factors of g?
2, 11, 13
List the prime factors of (-4)/3 - (-1414992)/144.
3, 5, 131
Suppose 5*v + 26 = -3*t, 0*v + 4*v = -2*t - 20. Let y be (((-1515)/(-12))/5)/(t/(-16)). Suppose 37*q = 36*q + y. List the prime factors of q.
2, 101
Suppose 3*y - 26193 = 3*m, -y - 4*m = -2*y + 8716. List the prime factors of y.
2, 3, 7, 13
Let b(m) = 5401*m + 73. Let x be b(7). Suppose 0 = 38*c - x - 6884. What are the prime factors of c?
2, 19, 31
Let z(p) = 2*p**3 + 21*p**2 - 13*p - 18. Let w be z(-11). Suppose -5*v - y = -1881 - 1580, w*v - 5*y - 2763 = 0. What are the prime factors of v?
2, 173
Let w(l) = -13*l**3 - 4*l**2 + 40*l + 111. What are the prime factors of w(-3)?
2, 3, 17
Suppose r + 2*r - 825 = 0. Let c be (-2)/(-25) + 1211260/3000 - 2/(-12). Let u = c - r. What are the prime factors of u?
3, 43
Let k(j) = 1 + 18*j**2 + 5*j + 6*j**2 + 4*j**2. Let v be k(-2). Let m = -22 + v. List the prime factors of m.
3
Suppose 0 = -m - 3*k + 44005, -50*k + 47*k = -4*m + 175915. What are the prime factors of m?
2, 2749
Suppose -3*w + 4*f + 24554 = 0, 4*w = -2*f + 13061 + 19619. What are the prime factors of w?
2, 61, 67
Suppose 4*f + 3*j = -4, 3 + 19 = f - 5*j. Suppose -2*r + 3*r + 4*d = 352, -3*d = -f*r + 671. What are the prime factors of r?
2, 5, 17
Let g = 3 - -2. Suppose 8*t - g*t = -168. Let x = t - -69. What are the prime factors of x?
13
Suppose 0 = -5*a - 2*z + 42903, -3*a + 25755 = -4*z + 3*z. List the prime factors of a.
3, 2861
Let g = -2 - -41. Let p = 76 - g. Let w = p - 25. What are the prime factors of w?
2, 3
Let s(p) be the first derivative of -4*p**2 + 24*p - 30. What are the prime factors of s(-2)?
2, 5
Let w(k) = -k - 3. Let z be w(-10). Suppose -16*t + z*t - 18 = 0. List the prime factors of (t - (-24)/15)*-125.
2, 5
Let u(f) = 2151*f**2 + 177*f - 847. What are the prime factors of u(5)?
53813
Suppose -4*s - s + 26 = -h, 3*s - 11 = -4*h. Suppose -3*t - 992 = -2*w + 96, -s*t - 2730 = -5*w. What are the prime factors of w?
2, 5, 11
Suppose x = 5*x + 36. Let j(u) = -19*u - 27. What are the prime factors of j(x)?
2, 3
Let l be (2 - 2)/(2 + 1 + -4). What are the prime factors of 1113 - (l + -2 - (-14 - -10))?
11, 101
Suppose 4*t = t - 18. Let g = 40 + -43. What are the prime factors of (-2)/g*(-963)/t?
107
Suppose 7*j - 173 = 107. Suppose -2*l + j + 724 = 0. Suppose -3*p - 5*w + l = 0, -w = 3*p - 2*p - 126. List the prime factors of p.
2, 31
Let l(w) = -w**3 + w - 1. Let o(a) = 9*a + 6 + 106*a**2 - 110*a**2 - 4*a**3 + 0. Let x(r) = -3*l(r) + o(r). List the prime factors of x(-7).
2, 3, 19
What are the prime factors of (-6)/21*(-25683)/2?
3, 1223
Let z(i) = -1142*i + 947. What are the prime factors of z(-21)?
97, 257
Let o(g) = -2379*g - 478. List the prime factors of o(-3).
6659
List the prime factors of (104/39 - 3)/(1/(-31479)).
7, 1499
Let t = -62 + -72. Let r = t + 194. Suppose 2*f - 42 - r = 0. List the prime factors of f.
3, 17
Let w be (98/(-3))/((-58)/87). Let l = -53 + w. List the prime factors of ((-210)/(-9))/(l/(-24)).
2, 5, 7
Let s(p) = -p**3 - 23*p**2 - 3*p - 36. Let t be s(-23). Suppose -t = -2*k - 9*k. Suppose -5*b = -3*w + 7*w - 623, -k*w = 3*b - 471. List the prime factors of w.
2, 3
Let c = -175 - -178. What are the prime factors of c*(-1 - (-1)/(-6))*-26?
7, 13
Let r = 263 + -263. Suppose 12*u = 15*u + 3, 2*z - 2*u - 668 = r. What are the prime factors of z?
3, 37
Suppose 419327 = 35*f - 127924 + 151506. What are the prime factors of f?
3, 3769
Suppose 37437 = 28*r - 160971. What are the prime factors of r?
2, 3, 1181
Suppose -2*r + 2*m + 118 = 0, -4*r + 51 = m - 200. Suppose -2*n - 45 = 29. Let j = n + r. What are the prime factors of j?
5
Let v(c) = c**2 - 13*c - 30. Let y be v(15). Let g(p) = p**2 - 4. Let a be g(y). What are the prime facto